x = t - -40. What are the prime factors of x?
13
Let d(z) = -4*z - 4. Let t be 12/(-15)*25/10. Let j(b) = -5*b - 4. Let l(g) = t*j(g) + 3*d(g). List the prime factors of l(-13).
2, 11
Suppose 2555 = 6*x + 581. List the prime factors of x.
7, 47
Suppose 4*j - 2*o + 8 + 10 = 0, -j = -o + 3. Let z(l) = 9*l - l**3 - 3 + 4 + 0*l**2 - 3*l**2. List the prime factors of z(j).
5, 11
Let s(w) = -w**3 + 37*w**2 + 47*w - 89. What are the prime factors of s(38)?
11, 23
Let f(l) be the third derivative of -l**5/60 + 2*l**4/3 - 5*l**3/3 - 23*l**2. List the prime factors of f(13).
29
What are the prime factors of (-52 - -42)/(3/(-1167))?
2, 5, 389
Let l = -3 - -3. Suppose l = 2*k + 3*k - 15. Suppose k + 43 = 2*u. List the prime factors of u.
23
Let w = 3001 + -1831. What are the prime factors of w?
2, 3, 5, 13
Suppose q + 3 = -m - 2*q, -15 = -m + 3*q. Let a be (-44)/m*(-81)/6. Suppose -3*w + 6*w - a = 0. What are the prime factors of w?
3, 11
Let x be 3 + (7 - 4) + 1. Suppose 2*p = x*p - 20. Suppose c = -p*z + 54, z - 5*c = -1 + 4. List the prime factors of z.
13
Let y = 25 - 22. What are the prime factors of (2 + 580/12)*y?
151
Let v be (-2)/(-10) - (-1630)/(-25). Let o = -38 - v. What are the prime factors of o?
3
Let r be (-4)/5*(-3 + (-1)/(-2)). List the prime factors of 2*(-3 - -1)/r + 56.
2, 3
Let w(q) = -3*q + 1. Let t be w(5). Let s = -11 + t. Let h = s - -35. What are the prime factors of h?
2, 5
Let w = -1629 + 2906. List the prime factors of w.
1277
Let m(a) = -5*a**3 - a**2 - 1. Let g be m(-2). Suppose 0 = 8*c - 9*c - i - 11, -2*c - 25 = 3*i. Let v = c + g. What are the prime factors of v?
3
Let s = -3598 - -5660. What are the prime factors of s?
2, 1031
Let g = 23 - 26. Let d be -2*(-5)/((-10)/g). List the prime factors of -2 - (-11 - d)*4.
2, 3
Let m(f) = -209*f**3 - 6*f**2 + 4*f + 8. List the prime factors of m(-2).
2, 103
Suppose 6*z - 14*z + 4944 = 0. What are the prime factors of z?
2, 3, 103
Suppose 6*o = 5*o - 450. List the prime factors of ((-12)/(-15))/((-5)/o).
2, 3
Let d(s) be the first derivative of 3*s + 4*s - 3*s - 10*s**2 + 2 + 9*s**2. What are the prime factors of d(-7)?
2, 3
Let x(p) = p**2 + 3*p + 7. Let h(d) = -d. Let a be h(-2). Suppose -q = -a*q - 5. What are the prime factors of x(q)?
17
Let s(h) = -h**3 - 43*h**2 + 30*h + 90. List the prime factors of s(-45).
2, 3, 5, 31
Let a = 5 - 7. Let z be 12/(a/(-1)) + -1. Suppose 0 = 2*y + z*c - 70, c - 30 = -y - 1. What are the prime factors of y?
5
Suppose 4*g - 5838 - 354 = 0. List the prime factors of g.
2, 3, 43
Let j be ((-6)/10 + -1)/((-16)/440). Suppose j*s = 42*s + 128. What are the prime factors of s?
2
Suppose -3*c + 3*h = 15, 3*c - 5 + 16 = 2*h. Let f be (-1 - (-8)/(-1))*c. List the prime factors of (24 + -1)/(10 - f).
23
Suppose -3*k + 2634 = 3*a, 80*a - 4420 = -5*k + 85*a. What are the prime factors of k?
881
Let q(a) be the first derivative of 11*a**4/2 + a**3/3 - 4. Let f be q(1). Suppose -4*u = -131 + f. What are the prime factors of u?
3
Let l be (5/((-10)/36))/(-1). Let y be (-1)/3 - 156/l. Let n(r) = -r**2 - 10*r. List the prime factors of n(y).
3
Let k(u) = -16*u**2 + 3*u - 3. Let x be k(1). Let b = -29 - -55. Let v = x + b. List the prime factors of v.
2, 5
Let y = -201 + 373. What are the prime factors of y?
2, 43
Let v = -394 - -259. Let c = v - -237. What are the prime factors of c?
2, 3, 17
Let n(g) = -780*g - 6. List the prime factors of n(-1).
2, 3, 43
Let p(u) = -u**3 + 5*u**2 - 3*u. Let c be p(2). Suppose 2*j - 162 = -5*y, c*j + y - 451 = j. What are the prime factors of j?
7, 13
Let h(x) = 486*x**2 - 2*x. List the prime factors of h(2).
2, 5, 97
Let q(o) = 3*o + 1. Suppose 0 = 2*i - 5*i - 9. Let c = i - -9. List the prime factors of q(c).
19
Let w(b) = b**3 - b**2. Let j be w(0). Suppose j = 5*m - 6*m + 33. What are the prime factors of m?
3, 11
Let d be 35/(-20)*1068/((-3)/(-1)). What are the prime factors of d/(-6) - (2/12)/(-1)?
2, 13
Let y = 0 + 8. Suppose y*p = 7*p + 116. List the prime factors of p.
2, 29
Let z(p) = -p**2 - 2*p - 5. Let m be z(-4). Let i = m - -16. Suppose -2*n + 24 = i*f + 4, -2*n + 10 = 2*f. What are the prime factors of f?
2, 5
Suppose -2*k = -4*u - 6578, 5*u = -8*k + 6*k + 6614. What are the prime factors of k?
3, 7, 157
Suppose 2*q - 3*j = 3*q + 36, 0 = -3*j - 6. Let i be (q/(-8) + -4)*-8. Suppose -2*s - i*u + 26 = 0, u + 53 = 4*s + 16. What are the prime factors of s?
2, 5
Let a be ((-4)/6)/((-8)/804). Suppose -a - 116 = -3*b. Suppose b + 47 = 3*u. What are the prime factors of u?
2, 3
Suppose -5*f - 1609 = 5*s - f, 3*f - 318 = s. Let y = s - -666. What are the prime factors of y?
3, 5, 23
Let a(g) = 201*g**2 - 30*g + 80. List the prime factors of a(3).
7, 257
Let w(s) = 134*s - 104. List the prime factors of w(11).
2, 5, 137
Suppose -m - m + 20 = 4*g, m - 2*g = 14. What are the prime factors of (m/4)/(-9)*(-1 - 260)?
3, 29
Suppose -9*y - 550 = 2*y. What are the prime factors of 0 + (-1 - 0) - y?
7
Suppose 5*y = -5*u + 21780, -4432 = -3*u + 3*y + 8666. What are the prime factors of u?
7, 89
Suppose 2*f - 32 = 7*z - 3*z, f + 5*z + 19 = 0. Suppose 44 + f = u. What are the prime factors of u?
2, 5
Let a = -15 - -12. List the prime factors of (-1)/(1/75*a).
5
Let m(o) = 169*o**2 - 3*o - 3. Let g(n) = -3*n + 17. Let q be g(6). List the prime factors of m(q).
13
Suppose -m = -4*d - 262, -m + 4*m - 4*d = 754. List the prime factors of m.
2, 3, 41
Suppose 5*l - l - 106 = -2*m, 5*m = 4*l - 99. Let h = -1859 + 1932. Let g = h - l. What are the prime factors of g?
47
Suppose -26*d - 1033 = -27*d. List the prime factors of d.
1033
Suppose f = 2*f. Suppose -6*y + 77 = -3*y - 5*p, y - 22 = -2*p. Let b = y - f. What are the prime factors of b?
2, 3
Let x be (6 + 0)*1*(-12 + 5). List the prime factors of 26/(x/(-10) - 4).
2, 5, 13
Suppose 18*s - 32*s = -78582. List the prime factors of s.
3, 1871
Let r(p) = 2*p**2 - 10*p - 2. Suppose 0 = -5*z - 2*j - 0*j + 21, z + j = 6. Suppose 11 = z*h - 10. List the prime factors of r(h).
2, 13
Let h(t) = 42*t - 27. What are the prime factors of h(3)?
3, 11
Suppose -5*x + 14 = 2*p + 4, -x - 11 = 3*p. Let v(d) = -3 - 4*d + 2*d - x + d. What are the prime factors of v(-10)?
3
Let r(m) = -1531*m + 26. What are the prime factors of r(-1)?
3, 173
Suppose 18 = h - 3*n, 16 = -4*h + 3*n + 43. Let j(o) = 5*o + o - o - 15 - h*o. What are the prime factors of j(15)?
3, 5
Suppose 5*f - 305 = -5*z, 2*f + 12 = 3*z + 114. Let r = 99 - 33. Suppose -3*d + f = -r. List the prime factors of d.
41
Let z(u) = -16*u - 1. Let y be z(2). Let v = 38 - y. What are the prime factors of v?
71
Suppose -5*r = 50 - 160. Let h be 48/r + (-2)/11. Suppose -5*k + 83 = h*q + 28, 0 = -4*k - 2*q + 42. What are the prime factors of k?
13
Suppose 0 = 5*d - 3*r - 2518, -2*d + 4*r + 1008 = 2*r. What are the prime factors of d?
503
Let u be (555/(-45))/((-2)/6). Suppose 99 = 2*z - u. What are the prime factors of z?
2, 17
Let b = 39 + 126. List the prime factors of b.
3, 5, 11
Suppose 0 = u + 2*u + 2709. List the prime factors of 4/(-3)*u/14.
2, 43
Let m be (-152)/(-12) + 2/(-3). Suppose -2*k - 14 = 4*j, 0 = 9*j - 5*j - 4. Let g = k + m. What are the prime factors of g?
3
Suppose p + 1 = -0, 2*m - 2*p - 100 = 0. Let k = 33 - m. What are the prime factors of k/4 + 2 - -22?
2, 5
Suppose -3*m + 44*s + 11159 = 39*s, -3*m - 4*s + 11150 = 0. What are the prime factors of m?
2, 11, 13
Let r = 3402 + -961. What are the prime factors of r?
2441
Let m be -1*(2 + 48)/1. Let i = m - -110. What are the prime factors of i?
2, 3, 5
Suppose 0 = -32*f + 47370 + 61302. List the prime factors of f.
2, 3, 283
Let g(h) = 4*h**2 - 13*h - 5. List the prime factors of g(-8).
5, 71
Let c be -3 - (-3 + -1) - 3. Let z be c/(-9) - 364/(-63). List the prime factors of (-24)/36 - (-64)/z.
2, 5
Let h(q) = 7 + 1 - 8 - 5*q. What are the prime factors of h(-9)?
3, 5
Let k(q) = -2*q**3 + 3*q**2 - q + 3. Let h be k(3). Let m = -26 - h. What are the prime factors of (-2)/(m/(-12)*2)?
2, 3
Suppose -25*o - 6 = -27*o. List the prime factors of (1 - -58) + (12/o - 2).
61
Let n = 2477 + -947. List the prime factors of n.
2, 3, 5, 17
What are the prime factors of 135 - (7 - 12/2)?
2, 67
Let j(r) = 3*r**2 - 17*r - 25. Let k(n) = -4*n**2 + 16*n + 26. Let s(c) = 5*j(c) + 4*k(c). List th